site number?
True
Suppose 5*y = 38*y - 815991. Is y prime?
False
Suppose -154004 = -6*k + 2*k. Is k composite?
False
Let v be (-9)/3 - 4*-1. Is 2/(v*(-3)/(-51)) prime?
False
Suppose 0*b = -5*b - 20. Is (-97818)/(-90) - b/30 composite?
False
Let f(i) = -9*i - 1809. Let v(g) = -4*g - 905. Let w(m) = 2*f(m) - 5*v(m). Is w(0) composite?
False
Suppose -3*q + 3*c = -3523 - 27590, 0 = -5*q + 3*c + 51851. Is q a prime number?
True
Let a(p) = -35*p - 3. Let z(w) = -w. Let l be z(-2). Suppose -2*x = l + 2. Is a(x) prime?
True
Let r = -1026 + 2046. Suppose -r = -z + 2*i, 2*i - 831 - 177 = -z. Suppose 45 = v + g - 209, z = 4*v + 2*g. Is v a composite number?
True
Suppose g = -1 + 2, 0 = r + 5*g - 3. Suppose 12*x = 7*x - 65. Is (1*22)/(r/x) composite?
True
Let n be 269 - (-5)/(25/(-10)). Is (-30)/(-9)*n/5 prime?
False
Let f = -10575 - -30994. Is f a composite number?
True
Suppose j + 906 = -4*r + 3457, -1897 = -3*r - 4*j. Let l = r - 382. Is l prime?
True
Suppose -4*p + 2*d - 5*d = -2269, -5*p + 2843 = -3*d. Let i = p + -231. Is i a composite number?
False
Suppose o - 43895 = -4*o - 4*w, 0 = w. Is o a prime number?
True
Let g = 3127 - 1550. Is g a prime number?
False
Let d(z) = -1 + 15*z - 19*z - 2*z**2 + 5*z + 10*z**2. Let g be d(1). Suppose -4*y - 3*o = -2320, o + o + g = 0. Is y composite?
True
Let f(u) = 13*u**2 + 3*u - 1. Let n be f(-4). Suppose -402 - 88 = -5*s. Let g = n - s. Is g a composite number?
False
Suppose -4195 = -3*z - 2*y, -5*z + 2542 = -3*y - 4475. Suppose -4*l = -z + 97. Let g = 652 - l. Is g prime?
False
Is (-22 + 21)*(-9722)/2 a composite number?
False
Let p(o) = 1923*o + 20. Is p(2) a composite number?
True
Suppose h = -5*g + 20, 4*h - 4*g = -6*g + 8. Suppose -2*s + 4*z + 4834 = h, -2*s = 4*z + z - 4807. Is s prime?
True
Let v be ((-16)/(-4) - 0) + -3. Is -11*13*-2 + v a composite number?
True
Let p = 29 + 337. Let g be -1 - (0 - 206/1). Let u = p - g. Is u a prime number?
False
Suppose -v + 12 = 4*g, 3*v - 2*v + g = 6. Is 1044/45*v/((-16)/(-10)) a prime number?
False
Let p be 1/2 + (-687)/(-6). Let z = 242 - p. Is z composite?
False
Suppose 17*s = 13*s + 208. Let t = s + -33. Is t composite?
False
Suppose 0 = 6*j + 18*j - 309336. Is j composite?
False
Suppose -4045 = -y + q, 5*y - 15476 - 4747 = 4*q. Is y prime?
False
Let g = -115 - -115. Let h(l) = l + 11. Let q be h(-8). Suppose -q*b - b + 2452 = g. Is b a prime number?
True
Suppose k - 2*k - 2*l + 840 = 0, 0 = -4*k + l + 3324. Suppose 3*h - 5*m = -2*h + 2085, k = 2*h - 3*m. Is h composite?
False
Is (-2)/(6*5/(-174975)) a composite number?
True
Is 16/40*(-45995)/(-2) composite?
False
Let r be (-3)/(-6) + (-2)/4. Suppose r = 3*o - 4*b - b + 237, 5*o + 423 = -b. Is (o/15)/(4/(-10)) composite?
True
Let u = 3920 + -1584. Suppose -9330 = -4*z + 2*j, z + 2*j + j - u = 0. Is z composite?
False
Let k = 0 - 13. Let l = 17 + k. Suppose 0 = -g - l*a + 108 + 95, g - 213 = a. Is g prime?
True
Let n(p) = 90*p**2 - 7*p + 5. Is n(6) composite?
False
Suppose a + 5*b = -20, 2*b - 21 = -2*a - 101. Is 62*(-2 - a/6) prime?
False
Let u(q) = q**3 + 8*q**2 - 7*q + 20. Let m be u(-9). Suppose -m*x + 660 = 5*b + 3592, 0 = -b - 2*x - 588. Is (-4 + 3)/(2/b) prime?
True
Let c(l) = 5*l**3 + 23*l**2 - 20*l + 37. Is c(15) a composite number?
False
Let u(b) = 2 + 3*b + 3*b**2 + b**2 - 8 + 3 - 138*b**3. Is u(-2) a prime number?
False
Let t(y) = -4*y**2 + 0 - 4 - 3*y + 3*y**2 + 8. Let x be t(-4). Suppose 0 = -4*i - x*u + 2*u + 84, 3*i + 4*u - 41 = 0. Is i prime?
True
Suppose -3*o + 2*o + 2*k + 11 = 0, -4*o = 4*k + 16. Suppose 0 = r - o, 3*r - 474 = -a - 121. Suppose -5*m = -a - 1745. Is m a composite number?
False
Is -11*85/(-187) - -2*10324 composite?
True
Suppose 30*k - 28*k = 4016. Let q = k + -185. Is q composite?
False
Let x be (-165)/((3/1)/(-3)). Let i = -2 + x. Is i a prime number?
True
Let z be (3/(-2))/(-2 - 2674/(-1336)). Is (2 - z/(-4))/(7/(-14)) prime?
False
Is 6 + 171/(-27) + (-70356)/(-9) composite?
False
Let y(v) = -v**3 + v - 1. Let f(z) = 4*z**3 + 8*z**2 - z - 5. Let u(j) = f(j) + 3*y(j). Let m be u(-7). Suppose m = -5*c + 682. Is c prime?
True
Suppose -y + 15 = 4*y. Suppose -y*v + 4 = -5*v, 2*b - 8 = v. Is -2 + b + -1 + 69 a composite number?
True
Let m be 3 - (-3*1)/(-4 + 3). Suppose m*y + 4*y = 4*g + 4356, 1083 = y + 2*g. Is y a composite number?
False
Let h = 424 - 263. Let a = 288 - h. Is a composite?
False
Let h be 16/(-6)*(-18)/12. Suppose 648 = o + h*i, -3 = -2*i - i. Suppose f - 5*f = -o. Is f prime?
False
Suppose 279*z - 271*z - 67736 = 0. Is z a prime number?
True
Let p = 36 + -27. Let k = p - 7. Suppose -t = 4*f - 123, -k*f + 253 = 2*t - f. Is t a prime number?
True
Let g = -11 + 10. Let z(d) = -307*d**3 - d**2 + 1. Is z(g) prime?
True
Suppose 5*o - 4631 = -2*s + 32767, -s + 5*o = -18729. Is s a composite number?
True
Let w(t) = -t - 1. Let x be w(-4). Suppose 0 = 5*h - 2*m - 1331, -x*h + 4*m - 429 = -1222. Is h a composite number?
True
Suppose -37903 = -5*h - 1268. Is h a prime number?
False
Suppose -2*q + 3*r = -7*q + 5977, -2*r = -4*q + 4764. Suppose 7*u + 367 - q = 0. Is u a composite number?
True
Suppose 1757 - 11137 = 7*j. Let h = -681 - j. Is h a prime number?
True
Let j(k) = k**3 - 32*k**2 - 107*k - 177. Is j(38) a composite number?
False
Let l = 295 + 4872. Is l composite?
False
Suppose r - 7 + 5 = 0. Is 4 - r - (2 + -253) a prime number?
False
Suppose 2*d - 187 = 1079. Suppose 9*b - d = 6*b. Is b prime?
True
Let p(i) = i - 1. Let f be p(-5). Is -4 + (840 - (3 + f)) composite?
False
Let j(s) = 972*s - 1. Let u be (-80)/(-56) + (-3)/7. Is j(u) a composite number?
False
Suppose -u - 3*u = -8. Suppose -2*f + h - 27 = -2*h, 3*f + u*h = -8. Is (-4)/f - (-155)/15 composite?
False
Suppose 2*a + 4 = -2*a - 5*r, -3*a = -5*r - 32. Suppose -2*v + 3*x + 560 = -623, -a*x - 599 = -v. Is v composite?
False
Suppose 0 = -5*p - 4*u + 55665 + 50912, 2*u = 3*p - 63933. Is p composite?
False
Let z = 7988 - -1909. Is z prime?
False
Let w(y) = 7*y**2 - 10*y - 12. Let k be w(-9). Let b = k + 68. Suppose -5*h - n = -892, 2*h + 2*h - b = -n. Is h a prime number?
True
Suppose -3084 = 4*c - 44560. Is c composite?
False
Let m(d) = 22*d**3 + 17*d**2 + 3*d + 1. Is m(4) a prime number?
True
Let g = -8811 - -13387. Let n = g + -1413. Is n composite?
False
Let p(r) = 55127*r - 28. Is p(1) a composite number?
True
Let d(s) = -s**2 + 36*s + 23369. Is d(0) composite?
False
Let l(h) = -h**2 + 94. Let x be l(0). Suppose -343 = 9*z + 152. Let b = z + x. Is b a prime number?
False
Let d = -21 - -18. Let t be (-1)/d + 3933/27. Let z = t + -59. Is z a prime number?
False
Suppose -20 = 9*p - 47. Let k(f) = 53*f**2 - 5*f + 1. Let r(a) = 27*a**2 - 2*a. Let u(v) = -2*k(v) + 5*r(v). Is u(p) a composite number?
True
Let p be (6/10)/(2 + 18/(-10)). Is -877*p*(2 - 14/6) prime?
True
Let n(a) = a**2 - 9*a + 8. Let f be n(8). Suppose f = -2*l + 2 + 6. Suppose -5*v = w + 5 + 3, 0 = 3*w - l*v - 33. Is w a composite number?
False
Suppose 0 = -2*l + 5*l - 2*i - 4012, 2663 = 2*l + i. Let g = l - 375. Is g a composite number?
True
Suppose -20 = 5*h, -7*m + 2*h = -2*m - 12523. Is m a prime number?
True
Suppose 4*b - 2*b = -2*p + 7214, 4*p - 14400 = 3*b. Let d = 7204 - p. Suppose w + 1797 = 2*v, -4*v - 9*w + d = -4*w. Is v prime?
False
Let h(y) = 3051*y - 17. Is h(4) a composite number?
True
Suppose 4*d - 3080 + 604 = 0. Suppose -10*s - 109 + d = 0. Is s a prime number?
False
Let i be 8 - (-5 - -5)/((-2)/(-1)). Let h(b) = -7*b**2 + 25*b + 15. Let m(c) = 13*c**2 - 49*c - 30. Let r(v) = -11*h(v) - 6*m(v). Is r(i) a prime number?
True
Suppose -5*q + 374393 = 2*k - 262348, 3*q + 3*k - 382041 = 0. Is q a composite number?
True
Let f be (15/(-5))/(6/32). Let b = f - -7. Is b/(-15) - 1484/(-10) a composite number?
False
Let f(y) = -6*y**2 - y. Let u be f(1). Let k(o) = -2*o**3 - 9*o**2 + 8*o - 10. Is k(u) a composite number?
False
Suppose 3*h + 3 = 0, -3*a + a - 5*h = -20265. Is a prime?
False
Let z(p) = p**3 - 15*p**2 - 39*p - 59. Is z(18) a composite number?
False
Let d = 61 - -50. Let k = d + -52. Is k a prime number?
True
Suppose -2*d + 6497 = -b, -4*d - 37*b = -40*b - 12989. Is d a prime number?
True
Suppose 0 = -7*d + 95272 + 93910. Is d prime?
False
Let u(n) = 2*n**2 - 4*n - 14. Let g be u(10). Let c = g - -411. Is c prime?
True
Sup